/(-3). Suppose 4 = -3*l + 4*l. Suppose -l*k + v = 5. What are the prime factors of k?
3
Let z be ((-10)/4*-2)/(-1). Let s(l) be the second derivative of l**5/20 + l**4/2 + l**3/3 - 7*l**2/2 + 7*l. List the prime factors of s(z).
2
Let j be -3*2/6*-5. Let c = 0 + j. Let g(r) = r**3 - 6*r**2 + 7*r - 2. What are the prime factors of g(c)?
2
Let x(u) = -2*u - 2. Let q be x(-3). Let t be (-6)/q*8/(-12). Suppose j - 4 = -m, 2*m + 5*j - 4 = t. What are the prime factors of m?
5
Suppose -3*h + 214 - 70 = 0. List the prime factors of h.
2, 3
Let z(x) = 14*x**3 - x - 1. Let f(b) = b**2 - b - 1. Let o(d) = -f(d) + z(d). Let a be 1/(((-1)/(-1))/1). List the prime factors of o(a).
13
What are the prime factors of (-249)/(-4) - 9/(-12)?
3, 7
Suppose -119 = 2*c - 173. List the prime factors of c.
3
Let m = 9 + 62. What are the prime factors of m?
71
Suppose 0 = -5*d - 5*h - 5, -3*h + 5 = -d - 0*d. List the prime factors of d/(-8)*1*20.
5
Suppose -3*j + 226 = 5*g - 174, 3*j + g = 416. Let r be j/6*72/30. Suppose -a = -5*a + r. List the prime factors of a.
2, 7
Let p(v) = v - 2*v**3 - 2*v + 3*v**3 + 18*v**3. What are the prime factors of p(1)?
2, 3
Let m(b) = 2*b + 7. Let o be m(-6). Suppose -5*p = z - 14, -3*p = 5*z - 5*p - 70. Let n = z + o. What are the prime factors of n?
3
Let j(t) = 7*t**2 + 2*t - 1. Let l be j(1). Suppose 4*k - 4 = l. Suppose k*q - 3 - 24 = 0. What are the prime factors of q?
3
Let n = 8 + 23. Suppose -2*h - n = -f, -159 = -4*f + 4*h - 3*h. List the prime factors of f.
41
Suppose 21 = 4*x - 19. Suppose -p = -3*p + x. Suppose 6 = p*y - 39. List the prime factors of y.
3
Suppose -24 + 6 = -3*x. List the prime factors of x.
2, 3
Suppose -2*f - f = -489. What are the prime factors of f/7 - (-12)/(-42)?
23
Suppose 0 = -2*p - 2*p + 20, -4*j - 8 = -4*p. Let q(n) = 0*n + 0*n - j - n. What are the prime factors of q(-7)?
2
Let m = -78 + 132. What are the prime factors of m?
2, 3
Let o(x) = -x**3 - 10*x**2 + x + 1. Let v be o(-10). Let d(n) = -n**3 - 7*n**2 + 11*n - 12. List the prime factors of d(v).
3, 17
Let d = 38 + -22. Suppose -3*k - 38 - d = 0. What are the prime factors of (-28)/(-6)*k/(-4)?
3, 7
Let u(c) = -67*c + 2. What are the prime factors of u(-1)?
3, 23
Suppose 0 = -3*l + 50 - 11. What are the prime factors of l?
13
Suppose -4*v = 478 - 1410. What are the prime factors of v?
233
Suppose 0 = 4*g + 10 + 2. Let o = g + 3. Suppose o = -f - 3*f + 40. What are the prime factors of f?
2, 5
What are the prime factors of ((-6)/8)/(1/(-4))?
3
Let o(p) = -6*p**2 + 7*p**2 + 0 + 9*p + 3. What are the prime factors of o(-10)?
13
Suppose 37 = 3*f - 5*t, 0 = -5*f - 5*t - 0*t - 5. Suppose 3*w = -6, -15 = -f*c + 5*w + 7. List the prime factors of c.
3
Suppose -6*p + 3*p + 12 = 0. Suppose p*x + 4 = 7*v - 3*v, 0 = -2*v - 5*x + 30. List the prime factors of v.
5
Let i = 72 + -31. List the prime factors of i.
41
What are the prime factors of ((-4)/(-1))/((-4)/(-70))?
2, 5, 7
Suppose -175 - 205 = -4*r. What are the prime factors of r?
5, 19
Let m be ((-16)/(-6) + -2)*3. Suppose h + 5*v = -0*h - m, -2*v + 36 = 5*h. List the prime factors of h.
2
Let y = 3 - 3. Suppose y*v = -4*v. Suppose v = s + 2*s - 27. List the prime factors of s.
3
Let n = 38 - 21. What are the prime factors of n?
17
Let z(l) = l**2 - 3*l - 2. Let t(d) = d**2 - 7*d - 10. Let w be t(8). List the prime factors of z(w).
2
Let n(b) = b**2 - 9*b + 6. Let s be ((-33)/(-22))/((-1)/(-6)). What are the prime factors of n(s)?
2, 3
Let k be (2/(-1))/(-2)*-22. What are the prime factors of 4/k - (-835)/55?
3, 5
Suppose -l + 11 = 3*y + 2, 28 = 2*l - 4*y. Suppose -2*r + 4*r = l. What are the prime factors of r?
2, 3
Let u(k) = k**3 - 5*k**2 + k - 5. Let d be u(5). Suppose d = 3*i - 37 - 56. What are the prime factors of i?
31
Let c(n) = -n**2 - 3*n + 5. Let r be c(-5). Let p = r + 7. Suppose -2*v + 3*x + 3 = 0, -3*v + 3*x = -p*v. What are the prime factors of v?
3
Let l(v) = -v**3 + 5*v**2 + 6*v + 2. Let c be l(6). Suppose 4*u - c*u + 4*t - 22 = 0, 0 = -4*u - 2*t + 38. Let w = u - 5. What are the prime factors of w?
2
Suppose -4*d + 264 = 2*h, 2*h + 66 = d - 0*d. What are the prime factors of d?
2, 3, 11
Let x be (-59)/2*-2*1. Let s = -67 - -109. Let l = x - s. What are the prime factors of l?
17
Let t(a) = 14*a - 26. What are the prime factors of t(5)?
2, 11
Let i = -17 - -29. List the prime factors of (i/15)/((-2)/(-65)).
2, 13
Suppose 5*l + 10 = -4*p - p, 3*l = -9. Let h = 28 - p. What are the prime factors of h?
3
Let h(p) = -8*p**2 - p + 9*p**2 + 5*p**2. List the prime factors of h(1).
5
Suppose 0 = 2*z + 2*f - 482, -2*z = 2*z + 5*f - 967. List the prime factors of z.
2, 7, 17
Let v = 14 - -15. List the prime factors of v.
29
Suppose -5*v + v = -12. Suppose h - 2 = -5, -3*t + 9 = -v*h. Let n(q) = -q**2 + 5. What are the prime factors of n(t)?
5
Let o(x) be the second derivative of -x**3/6 + 3*x**2 + 2*x. Let v be o(4). Suppose -33 = -v*b - b. List the prime factors of b.
11
Let x = 107 - -14. What are the prime factors of x?
11
Let l(n) = -2*n**2 + 3*n + 4. Let r be l(3). Let d = 5 - r. List the prime factors of d.
2, 5
Suppose 0 = 5*x - 5*t - 85, -2*x + x + 4*t = -26. Suppose -x = -2*f - 0*f. What are the prime factors of f?
7
Suppose 4*u + u - 60 = 0. Let r = u + -8. List the prime factors of (6/r)/((-1)/(-2)).
3
Let n = 0 - -124. What are the prime factors of n?
2, 31
Let o = 47 - 28. Suppose -4*p - d + o = 0, -4*d + 10 = 3*p + d. What are the prime factors of p?
5
Suppose v + 0*o - 2*o = 2, 2*o = 5*v + 6. Let j(k) = -k**2 - 5*k + 1. Let f be j(-5). Let t = f - v. What are the prime factors of t?
3
Let b be -2 + 0/(3 - 2). Let u be (-99)/b - 2/(-4). Suppose v = 4*v + 3, 4*f - u = -2*v. What are the prime factors of f?
13
Let s = 57 - 7. What are the prime factors of s?
2, 5
Let n(f) = 4*f**2 - 4*f - 9. What are the prime factors of n(-3)?
3, 13
Suppose -10 = -5*b, 0 = -5*g - 2*b + 3*b + 23. Suppose -3*q = 2*q - g. What are the prime factors of (-3)/(q*9/(-30))?
2, 5
Let y(g) be the second derivative of -5*g**4/12 + g**2/2 + 3*g. Let i be y(1). List the prime factors of i*-5*(-3)/(-12).
5
What are the prime factors of (-10)/(-6 - -4) + 62?
67
Suppose 0 = 3*t - 12 - 27. Let v = 9 - 5. Let j = t - v. What are the prime factors of j?
3
Suppose 2 = 2*x - 4*c, 3*c - 57 = -5*x - 0*c. List the prime factors of x.
3
Let m = -235 + 457. What are the prime factors of m?
2, 3, 37
Let o = -151 - -231. What are the prime factors of o?
2, 5
Suppose 0 = 2*g - 2*i + i + 17, g + 1 = 3*i. Let l = 7 - g. List the prime factors of l.
17
Let u be (0 + 1)/(5/(-45)). Let q = 20 + u. List the prime factors of q.
11
Suppose 4*j + 20 = 0, 0 = -3*r - j + 4. Let c = 25 + r. What are the prime factors of c?
2, 7
Let y = -77 + 149. List the prime factors of y.
2, 3
Suppose 1 = g - 2*q, -q - 7 = -3*g + q. Suppose -4*i = -g*x + 1 + 22, 5*x - i - 27 = 0. What are the prime factors of x?
5
Let i(h) = -h**3 - 4*h**2 - 5*h - 3. Suppose v - 12 = 4*v. Let n = v - -1. List the prime factors of i(n).
3
Let a(h) be the first derivative of h**2/2 - 5*h - 5. What are the prime factors of a(9)?
2
List the prime factors of (-25)/200 - 1250/(-16).
2, 3, 13
Let l = -52 - -90. Suppose -2*m + l = 6. List the prime factors of m.
2
Let v be (-1)/(-6)*3*-8. Let m = -2 - v. Suppose -m*d = -0*d - 8. List the prime factors of d.
2
Let x(j) = j**2 - 1. Let v be x(2). Suppose 0 = -4*z - v*o + 51 - 5, -o = -z + 15. What are the prime factors of z?
13
Suppose -15*b = -12*b - 27. List the prime factors of b.
3
Let u(s) = s + 11. Let x be u(-8). Suppose 19 = 2*m + x*o, -6*o + 4*o = -2*m - 6. What are the prime factors of m?
2
Suppose 5*u = -3*p + 102, -5*p - 94 = -3*u - 26. What are the prime factors of u?
3, 7
Let q(x) = 4*x - 5. Let g be q(6). What are the prime factors of (-3)/(-1 + g/22)?
2, 11
Let r(o) = -o**3 - 11*o**2 - 11*o - 4. Let x be (5 + 10)*(-2)/3. What are the prime factors of r(x)?
2, 3
Suppose l = 2*l - 4*c - 10, 0 = -5*l - 4*c + 2. Suppose 3*y - 40 = l*y. What are the prime factors of y?
2, 5
Let o(s) = -3*s**2 - 3*s + 2. Let f be 1/(((-3)/(-2))/3). Let i be o(f). Let k = -7 - i. What are the prime factors of k?
3
Let u = 83 - 10. List the prime factors of u.
73
Let i(b) = b**3 - 4*b**2 + b. Let h be i(4). Let m be 2/(-3)*(-3)/(